at is the hundreds digit of q(-5)?
1
Let b(l) = -415*l + 7. What is the units digit of b(-10)?
7
Let j(l) = -36*l - 1. Let y be j(4). Let v = -103 - y. Let x = 72 - v. What is the tens digit of x?
3
Suppose 26*m - 93*m = -144921. What is the tens digit of m?
6
Suppose 10*r = 7*r + 36. What is the tens digit of (-230)/(-6) + (-4)/r?
3
Let g(x) = -x**2 + x - 65. Let m be g(0). Let i = m - -158. What is the tens digit of i?
9
What is the hundreds digit of (-78)/(-4)*19/(171/306)?
6
Suppose -2*y + 3 = 3*r - 0, -3*r - 4*y - 3 = 0. Suppose -4*l - 4 = 4, r*u = -2*l + 491. What is the units digit of u?
5
Suppose 5*n = 20, -4*h + 5*n = -0*h - 2504. What is the tens digit of h?
3
Suppose 5*p = -5, -9836 + 515 = -4*q + p. What is the tens digit of q?
3
Let s = 15 - 7. Let v be s + (-2 + 3 - 3). Suppose 28 = v*u + 10. What is the units digit of u?
3
Let t = 1230 - 786. What is the hundreds digit of t?
4
Let y be 1/3*(-2 + 2). Suppose -5*b + 25 = y, -16 = -3*s + b - 3*b. Suppose 3 = 4*a + s*i - 23, -5*a + 4*i + 13 = 0. What is the units digit of a?
5
Suppose -4*i + 40 = -60. Suppose 4*d - 9*d = i. What is the tens digit of 1165/25 - 2/d?
4
Suppose 29*i = -15*i + 60324. What is the units digit of i?
1
Let f = -28 - 22. Let v = -29 - f. What is the units digit of v?
1
Suppose h - 930 = -4*d, 4*h + 21*d - 3756 = 17*d. What is the units digit of h?
2
Suppose -2*g = -4*z - 36, -5*z + 4 = -z. Let j = g + 95. What is the units digit of j?
5
Suppose 0*x = -x + 4*f + 5, -19 = x + 4*f. Let d(l) = l**2 + 8*l + 10. Let s be d(x). Suppose 3*u + 33 = 5*r, s*r - 3*u = 2 + 19. What is the units digit of r?
6
Let w = -3 - -9. Suppose -f + w*f = -60. Let m = f - -39. What is the tens digit of m?
2
Let c(m) be the third derivative of 0*m - 1/8*m**4 + 0*m**3 + 0 + 5*m**2. What is the units digit of c(-3)?
9
Let m(k) = -k**2 - 7*k - 5. Suppose 0 = 2*c - 2, 0*t + t + 5*c = 2. Let z be t/((2 - 5)/(-3)). What is the units digit of m(z)?
7
Suppose 4*c - 4 = -0, 0 = -4*r - c + 13. Suppose -r*x + 62 = -1. What is the units digit of x?
1
Let k = 33 - 31. Suppose k*s - 33 = 11. What is the units digit of s?
2
Let a be -7*((-12)/21)/1. Let y(w) = 0 - 2*w**2 - w**3 + 7*w**2 - 1. What is the tens digit of y(a)?
1
Suppose -8 = 4*r + i, -2*r + 2 = 2*i - 0. Let n be 3/(r/(-4) - 0). Let a(q) = 2*q + 1. What is the units digit of a(n)?
9
Let v = 467 - 237. What is the hundreds digit of v?
2
Suppose 4*x + 8 = 0, 2*y + 98 = -0*y + 3*x. Let p = 148 + y. What is the tens digit of p?
9
Suppose -2*r + 5*p = -791, 4*r - 9*p - 1557 = -4*p. What is the hundreds digit of r?
3
Suppose -5*m + 3*m = 0. Suppose -h + m*h + 42 = 0. What is the tens digit of h?
4
Suppose 490*r = 495*r - 5955. What is the thousands digit of r?
1
Suppose -5*t = -10, 0 = 3*h - 6*h - 3*t - 6. What is the units digit of 3*h/72 - 1502/(-12)?
5
Let g(z) = -z**3 - 14*z**2 - 11*z + 22. Let r be g(-13). Let u(s) = 4*s**2 + s + 1. What is the units digit of u(r)?
1
Let y = -1145 + 3080. What is the tens digit of y?
3
Let q = 522 + -202. What is the hundreds digit of q?
3
Suppose -4*r - y + 490 + 446 = 0, 702 = 3*r + 4*y. Suppose -r = -5*p - 24. What is the tens digit of p?
4
Let s(h) = -h**3 - 8*h**2 + h - 6. Let r be s(-8). Suppose 0 = -7*c + 10*c - 6. What is the units digit of 17/c*r/(-7)?
7
Let d = 18 - 13. Suppose 0 = -0*n + n + 1. Let w = d + n. What is the units digit of w?
4
Let p(r) be the first derivative of -r**2/2 + 7*r - 4. Let u be p(7). Suppose u = -6*d + 10*d - 156. What is the units digit of d?
9
Suppose 58 = 2*h - 32. Let p be (-8)/(-6)*h/(-10). What is the units digit of (2 + -22)*3/p?
0
Let o(f) = 2*f + 15. Let m(s) = 3*s + 17. Let p(c) = 4*m(c) - 5*o(c). Let g = 11 - 3. What is the units digit of p(g)?
9
Let s(f) = 33*f - 668. What is the units digit of s(31)?
5
Let d(f) = 27*f**3 + f**2 + 2*f - 12. Let m be d(-5). What is the units digit of m/(-52) + (-2)/(-13)?
5
Let v(p) = -p**3 + 7*p**2 + 4*p - 4. Let z = 20 + -6. Suppose -49 = -5*o - z. What is the units digit of v(o)?
4
Suppose -5 - 62 = -3*d - n, 0 = -2*d - 2*n + 50. Let u = d + -2. What is the tens digit of u?
1
Let i = 25 + -13. Suppose -i - 4 = -a. Suppose -a*r = -19*r + 120. What is the tens digit of r?
4
Let m(v) = 2*v - 3. Let b be m(3). Let x be 49 + (-1 + b - 0). What is the tens digit of (-238)/(-6) - 34/x?
3
Suppose 2*h - 56 = -2*h. Suppose -u + 10 = h. What is the tens digit of (-242)/u - 4/(-8)?
6
Suppose -8*o - 532 = -15*o. What is the tens digit of o?
7
What is the tens digit of (0 - -766) + 0/((-2)/2)?
6
Let r(n) = 14*n + 4. Suppose 0 = 3*u - 5*s + 11 + 2, -5*s = u - 29. What is the units digit of r(u)?
0
Let y(k) = k**3 - 5*k**2 - 6*k + 3. Let i be y(6). Suppose -2*c - 3*o = -0 + 1, 0 = i*c + 5*o + 2. Let r(x) = 8*x**3 - 1. What is the units digit of r(c)?
7
Let g(w) = -w**3 + 7*w**2 + 8*w + 9. What is the units digit of g(7)?
5
Suppose -9*v - 150 = 111. Suppose 0*w = 5*g + 2*w - 288, -2*g - 2*w = -120. Let f = g + v. What is the units digit of f?
7
Suppose 14*f - 10*f + 5*n - 851 = 0, f + n = 213. What is the units digit of f?
4
Let l(n) = -n - 46. Let q be l(0). Suppose 5 = -2*r - 25. What is the units digit of q/(-2) + 0/r?
3
Suppose -6*u = -0*u - 36. Suppose -u*z = -3*z - 609. What is the units digit of z?
3
What is the units digit of (-37*2/5)/(9/(-1665))?
8
Let h(x) = x + 18. Suppose -3*q - 2 = -z, -2*q + 3*q - 1 = 0. What is the tens digit of h(z)?
2
Suppose 4*i + 5*c - 45 - 3918 = 0, -3*i + 2973 = 3*c. What is the hundreds digit of i?
9
What is the units digit of 4400/14 - ((-40)/7 - -6)?
4
Let p(f) = 4*f**2 + f - 6. Suppose -4*h = -9*h + 15. What is the units digit of p(h)?
3
Let o be (10/25)/(0 - (-3)/3270). Suppose 0 = 3*i + d - 329, -4*d = 4*i - 2*d - o. What is the hundreds digit of i?
1
Let h(r) = -267*r - 439. What is the units digit of h(-9)?
4
Let b(w) = w**3 - 10*w**2 - 11*w + 4. Let a be b(11). Suppose -5*c + 9 = -5*t - 51, -5*c + 61 = -a*t. Suppose -15*h + c*h + 2 = 0. What is the units digit of h?
1
Suppose -6*i - 738 = -4*n - 8*i, n - 186 = i. Suppose 0 = -5*f + 15, -f + n - 28 = p. What is the tens digit of p?
5
Let q(u) = -u**2 + 11*u + 7. Let a be q(7). Let f(d) = -d - 5. Let s be f(16). Let y = s + a. What is the tens digit of y?
1
Suppose -3*f = m - 65, -3*m + 16 = -4*f + 120. Suppose -f - 5 = -s. What is the tens digit of s?
2
Let w(j) = 34*j**2 - 2*j + 20. What is the tens digit of w(4)?
5
Let j(v) = 19*v - 10 + 0*v + 132*v**2 - 129*v**2. What is the units digit of j(-10)?
0
Let f(c) be the second derivative of -c**3/6 + c**2/2 - 2*c. Let o be f(-2). What is the tens digit of 22/33 + 43/o?
1
Let s(j) = j + 2. Let a be s(-2). Suppose a = -2*p - 5*i + 301 + 51, 5*i = 5*p - 810. Let u = p - 119. What is the tens digit of u?
4
Let x = 40 + -40. Suppose 0 = -2*i - 2, x*i - 7 = -c + 3*i. What is the units digit of c?
4
Let l(z) = -14*z**3 + 3*z**2 - 13*z - 30. Let f be l(-2). Let m = 6 - 3. Suppose -f - 43 = -m*s + 2*k, 0 = -5*k + 5. What is the tens digit of s?
5
Let s = 64 - -24. What is the units digit of s?
8
Suppose -33*b = -26*b - 33712. What is the tens digit of b?
1
Let g = 10 - 9. Let c = g + -4. What is the units digit of c/(-1)*(-1 + 2)?
3
Suppose -23*o + 16922 = -30964. What is the thousands digit of o?
2
Suppose 20*y - 7337 = 21043. What is the thousands digit of y?
1
Let k(n) = n**2 + n - 1. Let x be k(0). What is the tens digit of 3*(14 - x) - -3?
4
Let k = 38 + -37. Let l(g) = 106*g + 3. What is the units digit of l(k)?
9
Suppose 288 = -4*y - 0*y. Let k be y/16*(-4)/(-6). What is the tens digit of 14 + 3/k + 0?
1
Let m(q) be the first derivative of -q**2 + 5*q + 1. Let i be m(-8). Suppose -3*t + i = 15. What is the units digit of t?
2
Suppose -26*f + 429 = -13*f. Let g = 10 + -5. Suppose -4*n = -g*n - 5*t + 24, -f = -4*n + t. What is the units digit of n?
9
Suppose -5*l = -f - 11, 2*l - 9 = f - 2*l. What is the units digit of f + (-96)/(-4) + -4?
9
Let g(x) = -x**3 - 17*x**2 + 31*x - 7. What is the hundreds digit of g(-20)?
5
Suppose -4*v + 25704 = 14*v. What is the tens digit of v?
2
Let o(t) = -2*t**2 + 2*t + 4. Let u be o(2). Suppose 2*l + 0*l - 376 = u. Suppose -2*c + l - 53 = 3*h, -h + 34 = -3*c. What is the units digit of h?
3
Suppose -5*s + 16 + 4 = 0. Suppose -s*a - 16 = 0, 4*x + 0*a + 28 = 3